 - 8. Is b prime?
False
Suppose -5*v + 109 = 3*m, 4*v = -3*m + 3 + 86. Is (-395)/2*v/(-25) a prime number?
False
Suppose 0 = 6*n - 11533 - 5357. Is n composite?
True
Suppose g - 48 = -2*d + 73, 4*g - d - 511 = 0. Is g composite?
False
Suppose 2*s - f - 3369 = -0*f, 4*s = f + 6739. Is s prime?
False
Let p(s) = -2*s**2 - 4*s + 1. Let c be p(-3). Let w be (4/3)/(c/(-15)). Suppose -w*j + 12 = 2*x - 7*x, -x = 4*j - 12. Is j prime?
True
Let u(a) = -a**2 - 9*a. Suppose -33 + 12 = 3*n. Is u(n) a prime number?
False
Suppose 0 = -n - 7 - 1. Let x = 43 + n. Is x prime?
False
Let o be 33 + 2 - (-4 - -2). Let k = 78 - 2. Let z = k - o. Is z a prime number?
False
Let z(v) = v**2 + 5*v - 3. Let s be z(-6). Suppose s*w - 16 = -4. Suppose -3*q + 0*q - 15 = -3*t, 0 = -t + w*q - 1. Is t a composite number?
False
Let z(x) = 2*x**2 + 5*x. Let t be z(4). Let q = t - -133. Is q a composite number?
True
Let w(y) = 5*y + 1. Let v(f) = 21*f + 4. Let o(m) = -2*v(m) + 9*w(m). Let d be o(2). Let a(p) = 3*p**2 - 4. Is a(d) prime?
False
Suppose x - 3*n - 163 = 0, -5*x + 2*n = -0*n - 815. Let w be x/5 + 4/10. Suppose 2*a - 5*a = -w. Is a a composite number?
False
Let l(w) = 67*w + 7. Is l(10) a composite number?
False
Suppose -j - 2*j + y + 17 = 0, -5*j - 5*y = 5. Let f(p) = 24*p**2 - 5. Let q be f(j). Suppose -3*c = -q + 142. Is c prime?
True
Suppose 0*i = -2*i - 3*a - 45, -3*i - 3*a - 69 = 0. Let m be ((-18)/i)/(2/(-1736)). Is (-1)/(-4) - m/4 prime?
True
Suppose -179 = -3*x + 2*x. Is x a prime number?
True
Is (1/(-3))/(3/(-459)) prime?
False
Let h be (-1)/3*(-18)/(-6). Is (-7)/((1/17)/h) a prime number?
False
Let b = 528 - 947. Let a = b + 645. Is a a composite number?
True
Is (-42)/(-18)*3*149 a composite number?
True
Suppose -c - 2*c - 37 = -u, 3*c + 74 = 2*u. Is u prime?
True
Suppose -r + 67 = 2*x - 32, 4*r = 2*x - 94. Let d be (-1 - (-15)/(-12))*4. Let w = x - d. Is w a composite number?
True
Is ((-22)/8)/((-4)/80) a composite number?
True
Let p be (-2 + -15*2)/(-1). Let n = 51 - p. Is n composite?
False
Let x be 6/6*(-562)/2. Let y = x - -438. Is y a prime number?
True
Let a be (-10)/(-5) - 318/1. Let r = -113 - a. Is r a prime number?
False
Let j = 1078 + -465. Is j a prime number?
True
Let w(o) = -o**3 - 3*o**2 + 3*o - 1. Is w(-6) a prime number?
True
Let x(f) = -173*f + 9. Is x(-4) prime?
True
Let s(l) be the first derivative of l**3 - 4*l**2 - 8*l + 2. Let w be s(-6). Suppose q - w = -3*q. Is q composite?
False
Let y(r) be the third derivative of r**4/24 + 115*r**3/6 + 2*r**2. Is y(0) a prime number?
False
Is 6590 - 1*(4 + -3) composite?
True
Let t(z) = z**3 + 4*z**2 - 6*z - 1. Let u be t(-5). Let b be u + 1/(-2)*-2. Is ((-6)/8)/(b/(-20)) composite?
False
Let k(j) = -j**2 + j - 1602. Let c be k(0). Let l be 1/(3*(-3)/c). Suppose 4*w - l = 202. Is w prime?
False
Let z(n) = n**3 + 13*n**2 - 17*n + 13. Is z(-14) prime?
False
Suppose 2*a + 41 + 1 = 0. Let f = 38 + a. Let y = f + 38. Is y a prime number?
False
Let j(f) = f**3 + 7*f**2 + 6*f + 1. Let y be j(-6). Is 151 + (-1)/y + -1 prime?
True
Suppose -4*v = -53 + 1. Is v a prime number?
True
Suppose 0*t + 1603 = 5*t - 2*j, 0 = 2*t + j - 643. Is t composite?
True
Let w = -25 + 80. Is w a composite number?
True
Is 1*425 - (-2 - 0) prime?
False
Let n be (-150)/4 + 18/12. Let a = n + 51. Is a prime?
False
Let w(t) = 103*t - 8. Is w(9) a prime number?
True
Is ((-58)/4)/(2/(-12)) a prime number?
False
Let h be (-356)/(-18) - (-4)/18. Suppose -2 = -2*u + h. Is u a composite number?
False
Suppose -3*j - 4*u = 2*j - 130, -2*j + 2*u = -70. Suppose -j = -s - 2*s. Is s a prime number?
False
Let m be (-4)/6 + 2/3. Suppose -3*l = -m*l + 3. Is 3/(-3) - (-113 + l) a composite number?
False
Let o = 7022 + -3723. Is o prime?
True
Let q = 6 + -6. Suppose q = -3*a - 2*y + 1487, 973 = 2*a + 3*y + 2*y. Is a prime?
True
Suppose -j - 5*u = -6*j + 325, 5*u = -3*j + 195. Is j a prime number?
False
Let c be (-5)/((-2)/(-4)*-2). Suppose -c*f + 1006 = 191. Let x = f - 20. Is x prime?
False
Let y(z) = -6*z**3 - z**2 - 4*z - 3. Let q(t) be the first derivative of t**2/2 - 7*t + 2. Let f be q(5). Is y(f) a prime number?
False
Let u = -166 + 277. Is u composite?
True
Let d(x) = -69*x - 3. Let f be d(-2). Suppose -5*v + 275 = -2*z, 3*z + 25 = -2*v + f. Is v a composite number?
True
Let o = 15 - -28. Suppose s + 5*t = 3*t + o, -3*t = 2*s - 83. Is s composite?
False
Let d(t) = 7*t + 1. Let g(w) = -w - 1. Let z(o) = d(o) - 6*g(o). Is z(6) a prime number?
False
Let c(w) = 306*w + 23. Is c(5) prime?
True
Suppose 3*t = -5*q + 1112, -5*q + 5*t = -1192 + 72. Is q a prime number?
True
Let p = -266 - -683. Is p prime?
False
Let h = 5918 - 3987. Is h a prime number?
True
Suppose -2*d = -4*u + 2524, -4*d - 660 = -5*u + 2495. Is u a prime number?
True
Let v(j) = 65*j + 2. Let c(b) = 7*b**3 - b. Let k be c(1). Let n(p) = -32*p - 1. Let m(g) = k*v(g) + 11*n(g). Is m(1) a prime number?
False
Suppose -5*w = -w - 20. Suppose -w*p - 10 = 5*i, 0*p - 2*p = -i - 2. Let g = 23 + p. Is g composite?
False
Let x(w) = -34*w + 2 - 1 + 0. Is x(-9) composite?
False
Suppose -2*z = 2*k - 4, 0 = 2*k - 6*k. Suppose 4*w + 2*o - 12 = o, 0 = z*w + 3*o + 4. Is w/10 + 369/15 prime?
False
Suppose 6*p - 148 = 2*p. Is p a prime number?
True
Let q be ((-1)/(-1) - -65)*1. Suppose -q = -h - 11. Is h prime?
False
Let x(d) = -2 - 4*d**2 + 0*d**2 + d**2 + 5*d. Let v be x(5). Let z = -15 - v. Is z composite?
False
Let f(d) = -d**3 + 5*d**2 + 2*d - 5. Let t be (2 + -1)*22/(-2). Let m = t + 15. Is f(m) composite?
False
Suppose 5*h - 3*a + 0*a = 16, -6 = 3*a. Suppose w = -4*r - h*w + 752, 581 = 3*r - 2*w. Is r composite?
False
Suppose 6 = 3*a - 9. Let p(x) be the third derivative of 5*x**4/24 + 3*x**2. Is p(a) a composite number?
True
Suppose 11*s - 15956 = -3669. Is s composite?
False
Let a(q) = 76*q**3 - 2*q + 1. Let d be a(1). Suppose -w = -5*w - 160. Let r = w + d. Is r a prime number?
False
Suppose 4*y + b = -3*b + 360, -4*y + 4*b = -384. Is y prime?
False
Let d(b) = b + 2. Let s be d(-2). Suppose 2*r + 3*c - 65 + 13 = s, 5*r - 4*c = 130. Is r composite?
True
Suppose 4*v - 109 = 2*c + 513, 3*c = 4*v - 619. Is v a prime number?
True
Suppose 4*g + 1465 = 9*g. Is g composite?
False
Let j be ((-1)/(-1))/(-1) - -2. Let a be j + 2*7 + 0. Suppose 0 = -5*b + a, -2*b + 16 = 2*c - c. Is c a prime number?
False
Suppose -7*c + 2*c = -15155. Is c a composite number?
True
Let o be ((-8)/10)/(12/510). Let f = -12 - o. Let p = f + -3. Is p a prime number?
True
Let a(k) = k - k**2 - 12*k - 10 + 3*k**2. Suppose 0*n + 4*n - 18 = -2*d, 0 = -3*n. Is a(d) a composite number?
False
Let h = -35 + 8. Suppose -4*y + 78 = b, -4*b - b - 3*y + 305 = 0. Let n = b + h. Is n a composite number?
False
Let i(a) = 120*a**2 - a - 1. Is i(-2) composite?
True
Suppose 2*d + 2*x = 75 + 249, -3*d + 454 = -5*x. Let l = d - 80. Let z = -41 + l. Is z composite?
False
Let o(z) = -z**2 - 9*z + 2. Let h be o(-9). Suppose -4*q + h*q + 158 = 0. Is q a composite number?
False
Let j(n) be the second derivative of n**5/20 + n**4/4 - n**3/3 + n**2/2 - 4*n. Is j(-3) prime?
True
Suppose -3*y = v - 2, 3*v - y - 4*y = 20. Suppose 3*j - v*j = -74. Is j a prime number?
True
Let x be (-2)/4 + 8/16. Is 22 + 2 + (x - 2) a prime number?
False
Suppose 0*d + 1057 = 3*d + 2*a, d = 4*a + 357. Is d a prime number?
True
Let y be 71 - 2/(-2)*-2. Is -5 + 3 + y*1 a composite number?
False
Suppose 0 = -3*i + 4 - 19. Is (-2 - 1) + (i - -745) a composite number?
True
Suppose 4*b + 4*f - 8 = 0, -5*f - 21 = -5*b - 1. Is b/(1/((-1257)/(-9))) a prime number?
True
Let y = 251 - 367. Let w = y + 165. Is w prime?
False
Let o be (-1)/(-3)*(0 - 0). Suppose 3*r = -k + 8, 4*r - 11 + 3 = o. Suppose k*q + 6*i - 54 = i, -5*q - i + 112 = 0. Is q composite?
True
Let i = 2 + 4. Let h be (9/i)/(2/4). Suppose -9 - 168 = -h*y. Is y a prime number?
True
Let s(y) = 0*y + 4 + 16*y - 3. Suppose 0 = 5*g - 7*g + 6. Is s(g) composite?
True
Let p(n) = 4*n**2 - n - 2. Let j be (5/2)/(1/2). Let r be p(j). Suppose -19 = 4*y + 2*f - r, 5*y - f - 96 = 0. Is y a prime number?
True
Let n = 2154 - 1199. Is n a composite number?
True
Suppose -9 - 9 = -k + 3*t, k = -3*t - 12. Let m(a) = -a**3 - 6*a**2 + 2. Let j be m(-8). Suppose j = -k*x + 8*x. Is x a prime number?
False
Let m(c) = c**3 - 5*c**2 + 11*c